{"id":3186,"date":"2022-11-09T15:02:44","date_gmt":"2022-11-09T15:02:44","guid":{"rendered":"https:\/\/voz4all.com\/?post_type=product&#038;p=3186"},"modified":"2025-03-22T01:08:44","modified_gmt":"2025-03-22T00:08:44","slug":"aprende-a-grabar-tu-voz","status":"publish","type":"product","link":"https:\/\/voz4all.com\/index.php\/producto\/aprende-a-grabar-tu-voz\/","title":{"rendered":"Aprende a grabar tu voz"},"content":{"rendered":"<p><iframe title=\"YouTube video player\" src=\"https:\/\/www.youtube.com\/embed\/JmBDSV3hTcE\" width=\"560\" height=\"315\" frameborder=\"0\" allowfullscreen=\"allowfullscreen\"><\/iframe><\/p>\r\n\r\n<p><span style=\"color: #000000;\"><mark class=\"has-inline-color has-black-color\">Aprende a grabar tu voz como un profesional, de una forma clara y concisa. <\/mark> <mark class=\"has-inline-color has-black-color\">Saber <\/mark><strong><mark class=\"has-inline-color\">c\u00f3mo grabar tu voz correctamente<\/mark><\/strong><mark class=\"has-inline-color\"> <\/mark><mark class=\"has-inline-color has-black-color\">es una verdadera necesidad si eres cantante, y mucho m\u00e1s a\u00fan si eres cantante profesional o pretendes serlo. Ahora puedes crear tu propio estudio en casa con el mejor equipamiento.<\/mark> <mark class=\"has-inline-color has-black-color\">Conocer todos <\/mark><mark class=\"has-inline-color\">los secretos para la grabaci\u00f3n de tu voz<\/mark><mark class=\"has-inline-color has-black-color\"> es un privilegio, especialmente cuando se hace a trav\u00e9s de uno de los m\u00e1s grandes profesionales de la producci\u00f3n de m\u00fasica electr\u00f3nica y experto <em>Steinberg<\/em>, <strong><a style=\"color: #000000;\" href=\"https:\/\/www.julioposadas.es\/\">Julio Posadas<\/a><\/strong>. <\/mark><\/span><\/p>\r\n<p><span style=\"color: #000000;\">\r\n\r\n<\/span><\/p>\r\n<p><span style=\"color: #000000;\"><mark class=\"has-inline-color has-black-color\">Este<\/mark> <mark class=\"has-inline-color has-black-color\">Dj y productor Barcelon\u00e9s cuenta con m\u00e1s de 1000 producciones musicales editadas. La experiencia de m\u00e1s de 30 a\u00f1os de profesi\u00f3n y su capacidad comunicativa, le lleva a desarrollar la vertiente relacionada con la docencia y divulgaci\u00f3n al m\u00e1s alto nivel del aprendizaje de DJ y Producci\u00f3n musical.<\/mark><\/span><\/p>\r\n<p><span style=\"color: #000000;\"><mark class=\"has-inline-color has-black-color\"><strong>Julio Posadas<\/strong> es propietario de <strong>Enjoy It Productions<\/strong> y tambi\u00e9n <strong>73 Muzik<\/strong>, que es uno de los sellos de m\u00fasica electr\u00f3nica con m\u00e1s expansi\u00f3n a nivel nacional en el \u00faltimo a\u00f1o.<\/mark><\/span><\/p>\r\n<p><span style=\"color: #000000;\"><\/span><\/p>\r\n<p><span style=\"color: #000000;\"><mark class=\"has-inline-color has-black-color\">La <\/mark><strong><mark class=\"has-inline-color\"><a style=\"color: #000000;\" href=\"https:\/\/voz4all.com\">Academia Europea del Arte Vocal<\/a><\/mark><\/strong><mark class=\"has-inline-color has-black-color\"> te ofrece este curso complet\u00edsimo de 20 v\u00eddeos, para que crees tu propio estudio en casa y puedas grabarte en \u00e9l como un verdadero profesional.<\/mark> <mark class=\"has-inline-color has-black-color\">Ahora tienes la oportunidad de conocer todas las herramientas. La <strong><mark class=\"has-inline-color\"><a style=\"color: #000000;\" href=\"https:\/\/voz4all.com\">Academia Europea del Arte Vocal<\/a><\/mark><\/strong> te ofrece este curso complet\u00edsimo de 20 v\u00eddeos, para que crees tu propio estudio en casa y puedas grabarte en \u00e9l como un verdadero profesional. Ahora tienes la oportunidad de conocer todas las herramientas. <strong>\u00a1Aprende a grabar tu voz! <\/strong><\/mark><\/span><\/p>","protected":false},"excerpt":{"rendered":"<p>Aprende a grabar tu voz como lo har\u00eda un profesional y crea tu peque\u00f1o estudio en casa para sacar todo el partido a tus capacidades vocales.<\/p>\n<p>\u00a1Aprovecha ahora la fant\u00e1stica oferta de este BLACK FRIDAY! S\u00f3lo podr\u00e1s conseguirla los d\u00edas 20 y 21 de septiembre de 2024.<\/p>\n","protected":false},"featured_media":3175,"comment_status":"open","ping_status":"closed","template":"","meta":{"site-sidebar-layout":"default","site-content-layout":"default","ast-site-content-layout":"default","site-content-style":"default","site-sidebar-style":"default","ast-global-header-display":"","ast-banner-title-visibility":"","ast-main-header-display":"","ast-hfb-above-header-display":"","ast-hfb-below-header-display":"","ast-hfb-mobile-header-display":"","site-post-title":"","ast-breadcrumbs-content":"","ast-featured-img":"","footer-sml-layout":"","ast-disable-related-posts":"","theme-transparent-header-meta":"default","adv-header-id-meta":"","stick-header-meta":"","header-above-stick-meta":"","header-main-stick-meta":"","header-below-stick-meta":"","astra-migrate-meta-layouts":"set","ast-page-background-enabled":"default","ast-page-background-meta":{"desktop":{"background-color":"","background-image":"","background-repeat":"repeat","background-position":"center center","background-size":"auto","background-attachment":"scroll","background-type":"","background-media":"","overlay-type":"","overlay-color":"","overlay-opacity":"","overlay-gradient":""},"tablet":{"background-color":"","background-image":"","background-repeat":"repeat","background-position":"center center","background-size":"auto","background-attachment":"scroll","background-type":"","background-media":"","overlay-type":"","overlay-color":"","overlay-opacity":"","overlay-gradient":""},"mobile":{"background-color":"","background-image":"","background-repeat":"repeat","background-position":"center center","background-size":"auto","background-attachment":"scroll","background-type":"","background-media":"","overlay-type":"","overlay-color":"","overlay-opacity":"","overlay-gradient":""}},"ast-content-background-meta":{"desktop":{"background-color":"var(--ast-global-color-5)","background-image":"","background-repeat":"repeat","background-position":"center center","background-size":"auto","background-attachment":"scroll","background-type":"","background-media":"","overlay-type":"","overlay-color":"","overlay-opacity":"","overlay-gradient":""},"tablet":{"background-color":"var(--ast-global-color-5)","background-image":"","background-repeat":"repeat","background-position":"center center","background-size":"auto","background-attachment":"scroll","background-type":"","background-media":"","overlay-type":"","overlay-color":"","overlay-opacity":"","overlay-gradient":""},"mobile":{"background-color":"var(--ast-global-color-5)","background-image":"","background-repeat":"repeat","background-position":"center center","background-size":"auto","background-attachment":"scroll","background-type":"","background-media":"","overlay-type":"","overlay-color":"","overlay-opacity":"","overlay-gradient":""}}},"product_brand":[],"product_cat":[36,42],"product_tag":[47,46],"class_list":{"0":"post-3186","1":"product","2":"type-product","3":"status-publish","4":"has-post-thumbnail","6":"product_cat-cursos","7":"product_cat-digitalizacion","8":"product_tag-estudio-grabacion","9":"product_tag-grabar-voz","10":"desktop-align-left","11":"tablet-align-left","12":"mobile-align-left","14":"first","15":"instock","16":"virtual","17":"purchasable","18":"product-type-simple"},"yoast_head":"<!-- This site is optimized with the Yoast SEO plugin v27.5 - https:\/\/yoast.com\/product\/yoast-seo-wordpress\/ -->\n<title>Aprende a grabar tu voz - Academia Europea del Arte Vocal<\/title>\n<meta name=\"description\" content=\"Aprende a grabar tu voz como un profesional, te abrir\u00e1 puertas en tu carrera art\u00edstica, podr\u00e1s mostrar tus propias creaciones y monetizar. \u00a1Hazlo ya!\" \/>\n<meta name=\"robots\" content=\"index, follow, max-snippet:-1, max-image-preview:large, max-video-preview:-1\" \/>\n<link rel=\"canonical\" href=\"https:\/\/voz4all.com\/index.php\/producto\/aprende-a-grabar-tu-voz\/\" \/>\n<meta property=\"og:locale\" content=\"es_ES\" \/>\n<meta property=\"og:type\" content=\"article\" \/>\n<meta property=\"og:title\" content=\"Aprende a grabar tu voz - Academia Europea del Arte Vocal\" \/>\n<meta property=\"og:description\" content=\"Aprende a grabar tu voz como un profesional, te abrir\u00e1 puertas en tu carrera art\u00edstica, podr\u00e1s mostrar tus propias creaciones y monetizar. \u00a1Hazlo ya!\" \/>\n<meta property=\"og:url\" content=\"https:\/\/voz4all.com\/index.php\/producto\/aprende-a-grabar-tu-voz\/\" \/>\n<meta property=\"og:site_name\" content=\"Academia Europea del Arte Vocal\" \/>\n<meta property=\"article:modified_time\" content=\"2025-03-22T00:08:44+00:00\" \/>\n<meta property=\"og:image\" content=\"https:\/\/voz4all.com\/wp-content\/uploads\/2022\/08\/BOX_grabar_voz-e1676227930399.png\" \/>\n\t<meta property=\"og:image:width\" content=\"371\" \/>\n\t<meta property=\"og:image:height\" content=\"363\" \/>\n\t<meta property=\"og:image:type\" content=\"image\/png\" \/>\n<meta name=\"twitter:card\" content=\"summary_large_image\" \/>\n<meta name=\"twitter:label1\" content=\"Tiempo de lectura\" \/>\n\t<meta name=\"twitter:data1\" content=\"2 minutos\" \/>\n<script type=\"application\/ld+json\" class=\"yoast-schema-graph\">{\"@context\":\"https:\\\/\\\/schema.org\",\"@graph\":[{\"@type\":\"WebPage\",\"@id\":\"https:\\\/\\\/voz4all.com\\\/index.php\\\/producto\\\/aprende-a-grabar-tu-voz\\\/\",\"url\":\"https:\\\/\\\/voz4all.com\\\/index.php\\\/producto\\\/aprende-a-grabar-tu-voz\\\/\",\"name\":\"Aprende a grabar tu voz - Academia Europea del Arte Vocal\",\"isPartOf\":{\"@id\":\"https:\\\/\\\/voz4all.com\\\/#website\"},\"primaryImageOfPage\":{\"@id\":\"https:\\\/\\\/voz4all.com\\\/index.php\\\/producto\\\/aprende-a-grabar-tu-voz\\\/#primaryimage\"},\"image\":{\"@id\":\"https:\\\/\\\/voz4all.com\\\/index.php\\\/producto\\\/aprende-a-grabar-tu-voz\\\/#primaryimage\"},\"thumbnailUrl\":\"https:\\\/\\\/voz4all.com\\\/wp-content\\\/uploads\\\/2022\\\/08\\\/BOX_grabar_voz-e1676227930399.png\",\"datePublished\":\"2022-11-09T15:02:44+00:00\",\"dateModified\":\"2025-03-22T00:08:44+00:00\",\"description\":\"Aprende a grabar tu voz como un profesional, te abrir\u00e1 puertas en tu carrera art\u00edstica, podr\u00e1s mostrar tus propias creaciones y monetizar. \u00a1Hazlo ya!\",\"breadcrumb\":{\"@id\":\"https:\\\/\\\/voz4all.com\\\/index.php\\\/producto\\\/aprende-a-grabar-tu-voz\\\/#breadcrumb\"},\"inLanguage\":\"es\",\"potentialAction\":[{\"@type\":\"ReadAction\",\"target\":[\"https:\\\/\\\/voz4all.com\\\/index.php\\\/producto\\\/aprende-a-grabar-tu-voz\\\/\"]}]},{\"@type\":\"ImageObject\",\"inLanguage\":\"es\",\"@id\":\"https:\\\/\\\/voz4all.com\\\/index.php\\\/producto\\\/aprende-a-grabar-tu-voz\\\/#primaryimage\",\"url\":\"https:\\\/\\\/voz4all.com\\\/wp-content\\\/uploads\\\/2022\\\/08\\\/BOX_grabar_voz-e1676227930399.png\",\"contentUrl\":\"https:\\\/\\\/voz4all.com\\\/wp-content\\\/uploads\\\/2022\\\/08\\\/BOX_grabar_voz-e1676227930399.png\",\"width\":371,\"height\":363},{\"@type\":\"BreadcrumbList\",\"@id\":\"https:\\\/\\\/voz4all.com\\\/index.php\\\/producto\\\/aprende-a-grabar-tu-voz\\\/#breadcrumb\",\"itemListElement\":[{\"@type\":\"ListItem\",\"position\":1,\"name\":\"Portada\",\"item\":\"https:\\\/\\\/voz4all.com\\\/\"},{\"@type\":\"ListItem\",\"position\":2,\"name\":\"Tienda\",\"item\":\"https:\\\/\\\/voz4all.com\\\/index.php\\\/tienda\\\/\"},{\"@type\":\"ListItem\",\"position\":3,\"name\":\"Aprende a grabar tu voz\"}]},{\"@type\":\"WebSite\",\"@id\":\"https:\\\/\\\/voz4all.com\\\/#website\",\"url\":\"https:\\\/\\\/voz4all.com\\\/\",\"name\":\"Academia Europea del Arte Vocal\",\"description\":\"Academia de Alto Rendimiento para la Voz y sus profesionales\",\"publisher\":{\"@id\":\"https:\\\/\\\/voz4all.com\\\/#organization\"},\"potentialAction\":[{\"@type\":\"SearchAction\",\"target\":{\"@type\":\"EntryPoint\",\"urlTemplate\":\"https:\\\/\\\/voz4all.com\\\/?s={search_term_string}\"},\"query-input\":{\"@type\":\"PropertyValueSpecification\",\"valueRequired\":true,\"valueName\":\"search_term_string\"}}],\"inLanguage\":\"es\"},{\"@type\":\"Organization\",\"@id\":\"https:\\\/\\\/voz4all.com\\\/#organization\",\"name\":\"Academia Europea del Arte Vocal\",\"url\":\"https:\\\/\\\/voz4all.com\\\/\",\"logo\":{\"@type\":\"ImageObject\",\"inLanguage\":\"es\",\"@id\":\"https:\\\/\\\/voz4all.com\\\/#\\\/schema\\\/logo\\\/image\\\/\",\"url\":\"https:\\\/\\\/voz4all.com\\\/wp-content\\\/uploads\\\/2021\\\/08\\\/cropped-AEAV-LOGO-OK-2021-08-15-a-las-1.31.50.png\",\"contentUrl\":\"https:\\\/\\\/voz4all.com\\\/wp-content\\\/uploads\\\/2021\\\/08\\\/cropped-AEAV-LOGO-OK-2021-08-15-a-las-1.31.50.png\",\"width\":942,\"height\":846,\"caption\":\"Academia Europea del Arte Vocal\"},\"image\":{\"@id\":\"https:\\\/\\\/voz4all.com\\\/#\\\/schema\\\/logo\\\/image\\\/\"}}]}<\/script>\n<!-- \/ Yoast SEO plugin. -->","yoast_head_json":{"title":"Aprende a grabar tu voz - Academia Europea del Arte Vocal","description":"Aprende a grabar tu voz como un profesional, te abrir\u00e1 puertas en tu carrera art\u00edstica, podr\u00e1s mostrar tus propias creaciones y monetizar. \u00a1Hazlo ya!","robots":{"index":"index","follow":"follow","max-snippet":"max-snippet:-1","max-image-preview":"max-image-preview:large","max-video-preview":"max-video-preview:-1"},"canonical":"https:\/\/voz4all.com\/index.php\/producto\/aprende-a-grabar-tu-voz\/","og_locale":"es_ES","og_type":"article","og_title":"Aprende a grabar tu voz - Academia Europea del Arte Vocal","og_description":"Aprende a grabar tu voz como un profesional, te abrir\u00e1 puertas en tu carrera art\u00edstica, podr\u00e1s mostrar tus propias creaciones y monetizar. \u00a1Hazlo ya!","og_url":"https:\/\/voz4all.com\/index.php\/producto\/aprende-a-grabar-tu-voz\/","og_site_name":"Academia Europea del Arte Vocal","article_modified_time":"2025-03-22T00:08:44+00:00","og_image":[{"width":371,"height":363,"url":"https:\/\/voz4all.com\/wp-content\/uploads\/2022\/08\/BOX_grabar_voz-e1676227930399.png","type":"image\/png"}],"twitter_card":"summary_large_image","twitter_misc":{"Tiempo de lectura":"2 minutos"},"schema":{"@context":"https:\/\/schema.org","@graph":[{"@type":"WebPage","@id":"https:\/\/voz4all.com\/index.php\/producto\/aprende-a-grabar-tu-voz\/","url":"https:\/\/voz4all.com\/index.php\/producto\/aprende-a-grabar-tu-voz\/","name":"Aprende a grabar tu voz - Academia Europea del Arte Vocal","isPartOf":{"@id":"https:\/\/voz4all.com\/#website"},"primaryImageOfPage":{"@id":"https:\/\/voz4all.com\/index.php\/producto\/aprende-a-grabar-tu-voz\/#primaryimage"},"image":{"@id":"https:\/\/voz4all.com\/index.php\/producto\/aprende-a-grabar-tu-voz\/#primaryimage"},"thumbnailUrl":"https:\/\/voz4all.com\/wp-content\/uploads\/2022\/08\/BOX_grabar_voz-e1676227930399.png","datePublished":"2022-11-09T15:02:44+00:00","dateModified":"2025-03-22T00:08:44+00:00","description":"Aprende a grabar tu voz como un profesional, te abrir\u00e1 puertas en tu carrera art\u00edstica, podr\u00e1s mostrar tus propias creaciones y monetizar. \u00a1Hazlo ya!","breadcrumb":{"@id":"https:\/\/voz4all.com\/index.php\/producto\/aprende-a-grabar-tu-voz\/#breadcrumb"},"inLanguage":"es","potentialAction":[{"@type":"ReadAction","target":["https:\/\/voz4all.com\/index.php\/producto\/aprende-a-grabar-tu-voz\/"]}]},{"@type":"ImageObject","inLanguage":"es","@id":"https:\/\/voz4all.com\/index.php\/producto\/aprende-a-grabar-tu-voz\/#primaryimage","url":"https:\/\/voz4all.com\/wp-content\/uploads\/2022\/08\/BOX_grabar_voz-e1676227930399.png","contentUrl":"https:\/\/voz4all.com\/wp-content\/uploads\/2022\/08\/BOX_grabar_voz-e1676227930399.png","width":371,"height":363},{"@type":"BreadcrumbList","@id":"https:\/\/voz4all.com\/index.php\/producto\/aprende-a-grabar-tu-voz\/#breadcrumb","itemListElement":[{"@type":"ListItem","position":1,"name":"Portada","item":"https:\/\/voz4all.com\/"},{"@type":"ListItem","position":2,"name":"Tienda","item":"https:\/\/voz4all.com\/index.php\/tienda\/"},{"@type":"ListItem","position":3,"name":"Aprende a grabar tu voz"}]},{"@type":"WebSite","@id":"https:\/\/voz4all.com\/#website","url":"https:\/\/voz4all.com\/","name":"Academia Europea del Arte Vocal","description":"Academia de Alto Rendimiento para la Voz y sus profesionales","publisher":{"@id":"https:\/\/voz4all.com\/#organization"},"potentialAction":[{"@type":"SearchAction","target":{"@type":"EntryPoint","urlTemplate":"https:\/\/voz4all.com\/?s={search_term_string}"},"query-input":{"@type":"PropertyValueSpecification","valueRequired":true,"valueName":"search_term_string"}}],"inLanguage":"es"},{"@type":"Organization","@id":"https:\/\/voz4all.com\/#organization","name":"Academia Europea del Arte Vocal","url":"https:\/\/voz4all.com\/","logo":{"@type":"ImageObject","inLanguage":"es","@id":"https:\/\/voz4all.com\/#\/schema\/logo\/image\/","url":"https:\/\/voz4all.com\/wp-content\/uploads\/2021\/08\/cropped-AEAV-LOGO-OK-2021-08-15-a-las-1.31.50.png","contentUrl":"https:\/\/voz4all.com\/wp-content\/uploads\/2021\/08\/cropped-AEAV-LOGO-OK-2021-08-15-a-las-1.31.50.png","width":942,"height":846,"caption":"Academia Europea del Arte Vocal"},"image":{"@id":"https:\/\/voz4all.com\/#\/schema\/logo\/image\/"}}]}},"_links":{"self":[{"href":"https:\/\/voz4all.com\/index.php\/wp-json\/wp\/v2\/product\/3186","targetHints":{"allow":["GET"]}}],"collection":[{"href":"https:\/\/voz4all.com\/index.php\/wp-json\/wp\/v2\/product"}],"about":[{"href":"https:\/\/voz4all.com\/index.php\/wp-json\/wp\/v2\/types\/product"}],"replies":[{"embeddable":true,"href":"https:\/\/voz4all.com\/index.php\/wp-json\/wp\/v2\/comments?post=3186"}],"version-history":[{"count":11,"href":"https:\/\/voz4all.com\/index.php\/wp-json\/wp\/v2\/product\/3186\/revisions"}],"predecessor-version":[{"id":5866,"href":"https:\/\/voz4all.com\/index.php\/wp-json\/wp\/v2\/product\/3186\/revisions\/5866"}],"wp:featuredmedia":[{"embeddable":true,"href":"https:\/\/voz4all.com\/index.php\/wp-json\/wp\/v2\/media\/3175"}],"wp:attachment":[{"href":"https:\/\/voz4all.com\/index.php\/wp-json\/wp\/v2\/media?parent=3186"}],"wp:term":[{"taxonomy":"product_brand","embeddable":true,"href":"https:\/\/voz4all.com\/index.php\/wp-json\/wp\/v2\/product_brand?post=3186"},{"taxonomy":"product_cat","embeddable":true,"href":"https:\/\/voz4all.com\/index.php\/wp-json\/wp\/v2\/product_cat?post=3186"},{"taxonomy":"product_tag","embeddable":true,"href":"https:\/\/voz4all.com\/index.php\/wp-json\/wp\/v2\/product_tag?post=3186"}],"curies":[{"name":"wp","href":"https:\/\/api.w.org\/{rel}","templated":true}]}}