{"id":3996,"date":"2023-02-12T20:49:36","date_gmt":"2023-02-12T20:49:36","guid":{"rendered":"https:\/\/voz4all.com\/?post_type=product&#038;p=3996"},"modified":"2025-03-24T01:03:25","modified_gmt":"2025-03-24T00:03:25","slug":"curso-intensivo-tecnica-vocal-perfecta","status":"publish","type":"product","link":"https:\/\/voz4all.com\/index.php\/producto\/curso-intensivo-tecnica-vocal-perfecta\/","title":{"rendered":"Curso Intensivo de Iniciaci\u00f3n a la T\u00e9cnica Vocal Perfecta"},"content":{"rendered":"<p><span style=\"color: #333333;\"><strong>Curso intensivo<\/strong> con v\u00eddeos tutoriales, ejercicios interactivos. <strong>30 horas\u00a0<\/strong>de contenidos exclusivos y posibilidad de obtener la <strong>certificaci\u00f3n<\/strong>\u00a0de la\u00a0<strong>Academia Europea del Arte Vocal.<\/strong><\/span><\/p>\n<p>&nbsp;<\/p>\n<hr \/>\n<p class=\"p1\"><span class=\"s1\" style=\"color: #000000;\"><b>PILAR JURADO<\/b><\/span><\/p>\n<p><img fetchpriority=\"high\" decoding=\"async\" class=\"alignnone size-medium wp-image-3519\" src=\"https:\/\/voz4all.com\/wp-content\/uploads\/2023\/01\/Captura-de-pantalla-2023-01-02-a-las-21.59.25-288x300.png\" alt=\"\" width=\"288\" height=\"300\" srcset=\"https:\/\/voz4all.com\/wp-content\/uploads\/2023\/01\/Captura-de-pantalla-2023-01-02-a-las-21.59.25-288x300.png 288w, https:\/\/voz4all.com\/wp-content\/uploads\/2023\/01\/Captura-de-pantalla-2023-01-02-a-las-21.59.25-984x1024.png 984w, https:\/\/voz4all.com\/wp-content\/uploads\/2023\/01\/Captura-de-pantalla-2023-01-02-a-las-21.59.25-768x799.png 768w, https:\/\/voz4all.com\/wp-content\/uploads\/2023\/01\/Captura-de-pantalla-2023-01-02-a-las-21.59.25-600x624.png 600w, https:\/\/voz4all.com\/wp-content\/uploads\/2023\/01\/Captura-de-pantalla-2023-01-02-a-las-21.59.25.png 990w\" sizes=\"(max-width: 288px) 100vw, 288px\" \/><\/p>\n<p class=\"p1\"><span class=\"s1\" style=\"color: #333333;\">Es una de las figuras m\u00e1s singulares de la m\u00fasica cl\u00e1sica europea. Compositora, cantante y directora de orquesta, ha sido la primera mujer en la historia que ha estrenado una \u00f3pera propia, <a style=\"color: #333333;\" href=\"http:\/\/va.www.mcu.es\/novedades\/2011\/novedades_TReal_PaginaBlanco.html\"><b><i>La p\u00e1gina en blanco<\/i><\/b><\/a>, en el Teatro Real.<\/span><\/p>\n<p class=\"p3\"><span class=\"s1\" style=\"color: #333333;\">Una pionera incansable que se ha convertido en un referente de liderazgo internacional dentro del \u00e1mbito de la Cultura y ha impulsado el repertorio l\u00edrico desde la fusi\u00f3n con grandes int\u00e9rpretes y creadores de otros g\u00e9neros musicales y otras disciplinas art\u00edsticas. Creadora y directora del <strong><a style=\"color: #333333;\" href=\"https:\/\/formacionpermanente.uned.es\/tp_actividad\/actividad\/musica-y-arte-vocal\">Master en M\u00fasica y Arte Vocal de UNED<\/a><\/strong>.<\/span><\/p>\n<p class=\"p3\"><span style=\"color: #333333;\"><span class=\"s1\">Ha actuado como soprano junto a la London Symphony Orchestra, Orquesta Nacional de Espa\u00f1a, Orchestre Philhamonique de Strasbourg<\/span><span class=\"s1\">, Netherlands Radio Symphony Orchestra, Orchestra Sinfonica Nazionale della RAI,<span class=\"Apple-converted-space\">\u00a0 <\/span>Orquesta Filarm\u00f3nica de Helsinki, Orquesta de la Deutsche Oper Berlin, Orquesta Sinf\u00f3nica y Coro de RTVE, entre muchas otras, bajo la batuta de grand\u00edsimos directores como Jordi Savall, Giuseppe Sinopoli, James Levine, Rafael Fr\u00fcbeck de Burgos, Arturo Tamayo, Giannandrea Noseda, Enrique Garc\u00eda Asensio, Antoni Ros Marb\u00e1, J. R. Encinar,<span class=\"Apple-converted-space\">\u00a0 <\/span>Pedro Halffter, Beat Furrer, Kuame Ryan, Luca Pfaff, Esa-Pekka Salonen<span class=\"Apple-converted-space\">\u00a0 <\/span>y M. Sch\u00f8ntwandt. <\/span><\/span><\/p>\n<p class=\"p3\"><span class=\"s1\" style=\"color: #333333;\">Como compositora ha recibido encargos de los m\u00e1s importantes festivales e instituciones internacionales, habiendo estrenado m\u00e1s de un centenar de obras.<\/span><\/p>\n<p class=\"p3\"><span class=\"s1\" style=\"color: #333333;\">Ha recibido m\u00faltiples reconocimientos a lo largo de su carrera, como el Premio Ojo Cr\u00edtico de RNE, Premio de Cultura de la Comunidad de Madrid, Antena de Oro, Premio Meninas (otorgado por el Gobierno de Espa\u00f1a), Biznaga de Plata, Premio Excelentia, Cruz al M\u00e9rito de la Orden de Malta, Top Woman of the Year de las Artes de los Glamour Awards, <i>Woman who makes a difference<\/i> del International Women\u2019s Forum (World Leathership Conference, San Francisco).<\/span><\/p>\n<p class=\"p3\"><span class=\"s1\" style=\"color: #333333;\">La revista Forbes la sit\u00faa entre las 20 mujeres espa\u00f1olas m\u00e1s influyentes.<\/span><\/p>\n","protected":false},"excerpt":{"rendered":"<p><span style=\"color: #000000;\"><strong>Curso intensivo<\/strong> <strong>de t\u00e9cnica vocal<\/strong> con v\u00eddeos tutoriales y ejercicios interactivos.<\/span><\/p>\n<blockquote><p><span style=\"color: #ba9527;\">El mejor curso para iniciarse en la verdadera T\u00e9cnica Vocal Perfecta.<\/span><\/p><\/blockquote>\n<p><span style=\"color: #000000;\"><strong>30 horas\u00a0<\/strong>de contenidos exclusivos y la posibilidad de obtener la <strong>certificaci\u00f3n<\/strong>\u00a0de la\u00a0<strong>Academia Europea del Arte Vocal.<\/strong><\/span><\/p>\n","protected":false},"featured_media":3167,"comment_status":"open","ping_status":"closed","template":"","meta":{"site-sidebar-layout":"default","site-content-layout":"default","ast-site-content-layout":"default","site-content-style":"default","site-sidebar-style":"default","ast-global-header-display":"","ast-banner-title-visibility":"","ast-main-header-display":"","ast-hfb-above-header-display":"","ast-hfb-below-header-display":"","ast-hfb-mobile-header-display":"","site-post-title":"","ast-breadcrumbs-content":"","ast-featured-img":"","footer-sml-layout":"","ast-disable-related-posts":"","theme-transparent-header-meta":"default","adv-header-id-meta":"","stick-header-meta":"","header-above-stick-meta":"","header-main-stick-meta":"","header-below-stick-meta":"","astra-migrate-meta-layouts":"set","ast-page-background-enabled":"default","ast-page-background-meta":{"desktop":{"background-color":"","background-image":"","background-repeat":"repeat","background-position":"center center","background-size":"auto","background-attachment":"scroll","background-type":"","background-media":"","overlay-type":"","overlay-color":"","overlay-opacity":"","overlay-gradient":""},"tablet":{"background-color":"","background-image":"","background-repeat":"repeat","background-position":"center center","background-size":"auto","background-attachment":"scroll","background-type":"","background-media":"","overlay-type":"","overlay-color":"","overlay-opacity":"","overlay-gradient":""},"mobile":{"background-color":"","background-image":"","background-repeat":"repeat","background-position":"center center","background-size":"auto","background-attachment":"scroll","background-type":"","background-media":"","overlay-type":"","overlay-color":"","overlay-opacity":"","overlay-gradient":""}},"ast-content-background-meta":{"desktop":{"background-color":"var(--ast-global-color-5)","background-image":"","background-repeat":"repeat","background-position":"center center","background-size":"auto","background-attachment":"scroll","background-type":"","background-media":"","overlay-type":"","overlay-color":"","overlay-opacity":"","overlay-gradient":""},"tablet":{"background-color":"var(--ast-global-color-5)","background-image":"","background-repeat":"repeat","background-position":"center center","background-size":"auto","background-attachment":"scroll","background-type":"","background-media":"","overlay-type":"","overlay-color":"","overlay-opacity":"","overlay-gradient":""},"mobile":{"background-color":"var(--ast-global-color-5)","background-image":"","background-repeat":"repeat","background-position":"center center","background-size":"auto","background-attachment":"scroll","background-type":"","background-media":"","overlay-type":"","overlay-color":"","overlay-opacity":"","overlay-gradient":""}}},"product_brand":[],"product_cat":[17],"product_tag":[],"class_list":{"0":"post-3996","1":"product","2":"type-product","3":"status-publish","4":"has-post-thumbnail","6":"product_cat-sin-categorizar","7":"desktop-align-left","8":"tablet-align-left","9":"mobile-align-left","11":"first","12":"instock","13":"purchasable","14":"product-type-simple"},"yoast_head":"<!-- This site is optimized with the Yoast SEO plugin v27.5 - https:\/\/yoast.com\/product\/yoast-seo-wordpress\/ -->\n<title>Curso Intensivo de Iniciaci\u00f3n a la T\u00e9cnica Vocal Perfecta - Academia Europea del Arte Vocal<\/title>\n<meta name=\"robots\" content=\"index, follow, max-snippet:-1, max-image-preview:large, max-video-preview:-1\" \/>\n<link rel=\"canonical\" href=\"https:\/\/voz4all.com\/index.php\/producto\/curso-intensivo-tecnica-vocal-perfecta\/\" \/>\n<meta property=\"og:locale\" content=\"es_ES\" \/>\n<meta property=\"og:type\" content=\"article\" \/>\n<meta property=\"og:title\" content=\"Curso Intensivo de Iniciaci\u00f3n a la T\u00e9cnica Vocal Perfecta - Academia Europea del Arte Vocal\" \/>\n<meta property=\"og:description\" content=\"Curso intensivo de t\u00e9cnica vocal con v\u00eddeos tutoriales y ejercicios interactivos. El mejor curso para iniciarse en la verdadera T\u00e9cnica Vocal Perfecta. 30 horas\u00a0de contenidos exclusivos y la posibilidad de obtener la certificaci\u00f3n\u00a0de la\u00a0Academia Europea del Arte Vocal.\" \/>\n<meta property=\"og:url\" content=\"https:\/\/voz4all.com\/index.php\/producto\/curso-intensivo-tecnica-vocal-perfecta\/\" \/>\n<meta property=\"og:site_name\" content=\"Academia Europea del Arte Vocal\" \/>\n<meta property=\"article:modified_time\" content=\"2025-03-24T00:03:25+00:00\" \/>\n<meta property=\"og:image\" content=\"https:\/\/voz4all.com\/wp-content\/uploads\/2021\/08\/3d-box-2.png\" \/>\n\t<meta property=\"og:image:width\" content=\"400\" \/>\n\t<meta property=\"og:image:height\" content=\"400\" \/>\n\t<meta property=\"og:image:type\" content=\"image\/png\" \/>\n<meta name=\"twitter:card\" content=\"summary_large_image\" \/>\n<meta name=\"twitter:label1\" content=\"Tiempo de lectura\" \/>\n\t<meta name=\"twitter:data1\" content=\"2 minutos\" \/>\n<script type=\"application\/ld+json\" class=\"yoast-schema-graph\">{\"@context\":\"https:\\\/\\\/schema.org\",\"@graph\":[{\"@type\":\"WebPage\",\"@id\":\"https:\\\/\\\/voz4all.com\\\/index.php\\\/producto\\\/curso-intensivo-tecnica-vocal-perfecta\\\/\",\"url\":\"https:\\\/\\\/voz4all.com\\\/index.php\\\/producto\\\/curso-intensivo-tecnica-vocal-perfecta\\\/\",\"name\":\"Curso Intensivo de Iniciaci\u00f3n a la T\u00e9cnica Vocal Perfecta - Academia Europea del Arte Vocal\",\"isPartOf\":{\"@id\":\"https:\\\/\\\/voz4all.com\\\/#website\"},\"primaryImageOfPage\":{\"@id\":\"https:\\\/\\\/voz4all.com\\\/index.php\\\/producto\\\/curso-intensivo-tecnica-vocal-perfecta\\\/#primaryimage\"},\"image\":{\"@id\":\"https:\\\/\\\/voz4all.com\\\/index.php\\\/producto\\\/curso-intensivo-tecnica-vocal-perfecta\\\/#primaryimage\"},\"thumbnailUrl\":\"https:\\\/\\\/voz4all.com\\\/wp-content\\\/uploads\\\/2021\\\/08\\\/3d-box-2.png\",\"datePublished\":\"2023-02-12T20:49:36+00:00\",\"dateModified\":\"2025-03-24T00:03:25+00:00\",\"breadcrumb\":{\"@id\":\"https:\\\/\\\/voz4all.com\\\/index.php\\\/producto\\\/curso-intensivo-tecnica-vocal-perfecta\\\/#breadcrumb\"},\"inLanguage\":\"es\",\"potentialAction\":[{\"@type\":\"ReadAction\",\"target\":[\"https:\\\/\\\/voz4all.com\\\/index.php\\\/producto\\\/curso-intensivo-tecnica-vocal-perfecta\\\/\"]}]},{\"@type\":\"ImageObject\",\"inLanguage\":\"es\",\"@id\":\"https:\\\/\\\/voz4all.com\\\/index.php\\\/producto\\\/curso-intensivo-tecnica-vocal-perfecta\\\/#primaryimage\",\"url\":\"https:\\\/\\\/voz4all.com\\\/wp-content\\\/uploads\\\/2021\\\/08\\\/3d-box-2.png\",\"contentUrl\":\"https:\\\/\\\/voz4all.com\\\/wp-content\\\/uploads\\\/2021\\\/08\\\/3d-box-2.png\",\"width\":400,\"height\":400},{\"@type\":\"BreadcrumbList\",\"@id\":\"https:\\\/\\\/voz4all.com\\\/index.php\\\/producto\\\/curso-intensivo-tecnica-vocal-perfecta\\\/#breadcrumb\",\"itemListElement\":[{\"@type\":\"ListItem\",\"position\":1,\"name\":\"Portada\",\"item\":\"https:\\\/\\\/voz4all.com\\\/\"},{\"@type\":\"ListItem\",\"position\":2,\"name\":\"Tienda\",\"item\":\"https:\\\/\\\/voz4all.com\\\/index.php\\\/tienda\\\/\"},{\"@type\":\"ListItem\",\"position\":3,\"name\":\"Curso Intensivo de Iniciaci\u00f3n a la T\u00e9cnica Vocal Perfecta\"}]},{\"@type\":\"WebSite\",\"@id\":\"https:\\\/\\\/voz4all.com\\\/#website\",\"url\":\"https:\\\/\\\/voz4all.com\\\/\",\"name\":\"Academia Europea del Arte Vocal\",\"description\":\"Academia de Alto Rendimiento para la Voz y sus profesionales\",\"publisher\":{\"@id\":\"https:\\\/\\\/voz4all.com\\\/#organization\"},\"potentialAction\":[{\"@type\":\"SearchAction\",\"target\":{\"@type\":\"EntryPoint\",\"urlTemplate\":\"https:\\\/\\\/voz4all.com\\\/?s={search_term_string}\"},\"query-input\":{\"@type\":\"PropertyValueSpecification\",\"valueRequired\":true,\"valueName\":\"search_term_string\"}}],\"inLanguage\":\"es\"},{\"@type\":\"Organization\",\"@id\":\"https:\\\/\\\/voz4all.com\\\/#organization\",\"name\":\"Academia Europea del Arte Vocal\",\"url\":\"https:\\\/\\\/voz4all.com\\\/\",\"logo\":{\"@type\":\"ImageObject\",\"inLanguage\":\"es\",\"@id\":\"https:\\\/\\\/voz4all.com\\\/#\\\/schema\\\/logo\\\/image\\\/\",\"url\":\"https:\\\/\\\/voz4all.com\\\/wp-content\\\/uploads\\\/2021\\\/08\\\/cropped-AEAV-LOGO-OK-2021-08-15-a-las-1.31.50.png\",\"contentUrl\":\"https:\\\/\\\/voz4all.com\\\/wp-content\\\/uploads\\\/2021\\\/08\\\/cropped-AEAV-LOGO-OK-2021-08-15-a-las-1.31.50.png\",\"width\":942,\"height\":846,\"caption\":\"Academia Europea del Arte Vocal\"},\"image\":{\"@id\":\"https:\\\/\\\/voz4all.com\\\/#\\\/schema\\\/logo\\\/image\\\/\"}}]}<\/script>\n<!-- \/ Yoast SEO plugin. -->","yoast_head_json":{"title":"Curso Intensivo de Iniciaci\u00f3n a la T\u00e9cnica Vocal Perfecta - Academia Europea del Arte Vocal","robots":{"index":"index","follow":"follow","max-snippet":"max-snippet:-1","max-image-preview":"max-image-preview:large","max-video-preview":"max-video-preview:-1"},"canonical":"https:\/\/voz4all.com\/index.php\/producto\/curso-intensivo-tecnica-vocal-perfecta\/","og_locale":"es_ES","og_type":"article","og_title":"Curso Intensivo de Iniciaci\u00f3n a la T\u00e9cnica Vocal Perfecta - Academia Europea del Arte Vocal","og_description":"Curso intensivo de t\u00e9cnica vocal con v\u00eddeos tutoriales y ejercicios interactivos. El mejor curso para iniciarse en la verdadera T\u00e9cnica Vocal Perfecta. 30 horas\u00a0de contenidos exclusivos y la posibilidad de obtener la certificaci\u00f3n\u00a0de la\u00a0Academia Europea del Arte Vocal.","og_url":"https:\/\/voz4all.com\/index.php\/producto\/curso-intensivo-tecnica-vocal-perfecta\/","og_site_name":"Academia Europea del Arte Vocal","article_modified_time":"2025-03-24T00:03:25+00:00","og_image":[{"width":400,"height":400,"url":"https:\/\/voz4all.com\/wp-content\/uploads\/2021\/08\/3d-box-2.png","type":"image\/png"}],"twitter_card":"summary_large_image","twitter_misc":{"Tiempo de lectura":"2 minutos"},"schema":{"@context":"https:\/\/schema.org","@graph":[{"@type":"WebPage","@id":"https:\/\/voz4all.com\/index.php\/producto\/curso-intensivo-tecnica-vocal-perfecta\/","url":"https:\/\/voz4all.com\/index.php\/producto\/curso-intensivo-tecnica-vocal-perfecta\/","name":"Curso Intensivo de Iniciaci\u00f3n a la T\u00e9cnica Vocal Perfecta - Academia Europea del Arte Vocal","isPartOf":{"@id":"https:\/\/voz4all.com\/#website"},"primaryImageOfPage":{"@id":"https:\/\/voz4all.com\/index.php\/producto\/curso-intensivo-tecnica-vocal-perfecta\/#primaryimage"},"image":{"@id":"https:\/\/voz4all.com\/index.php\/producto\/curso-intensivo-tecnica-vocal-perfecta\/#primaryimage"},"thumbnailUrl":"https:\/\/voz4all.com\/wp-content\/uploads\/2021\/08\/3d-box-2.png","datePublished":"2023-02-12T20:49:36+00:00","dateModified":"2025-03-24T00:03:25+00:00","breadcrumb":{"@id":"https:\/\/voz4all.com\/index.php\/producto\/curso-intensivo-tecnica-vocal-perfecta\/#breadcrumb"},"inLanguage":"es","potentialAction":[{"@type":"ReadAction","target":["https:\/\/voz4all.com\/index.php\/producto\/curso-intensivo-tecnica-vocal-perfecta\/"]}]},{"@type":"ImageObject","inLanguage":"es","@id":"https:\/\/voz4all.com\/index.php\/producto\/curso-intensivo-tecnica-vocal-perfecta\/#primaryimage","url":"https:\/\/voz4all.com\/wp-content\/uploads\/2021\/08\/3d-box-2.png","contentUrl":"https:\/\/voz4all.com\/wp-content\/uploads\/2021\/08\/3d-box-2.png","width":400,"height":400},{"@type":"BreadcrumbList","@id":"https:\/\/voz4all.com\/index.php\/producto\/curso-intensivo-tecnica-vocal-perfecta\/#breadcrumb","itemListElement":[{"@type":"ListItem","position":1,"name":"Portada","item":"https:\/\/voz4all.com\/"},{"@type":"ListItem","position":2,"name":"Tienda","item":"https:\/\/voz4all.com\/index.php\/tienda\/"},{"@type":"ListItem","position":3,"name":"Curso Intensivo de Iniciaci\u00f3n a la T\u00e9cnica Vocal Perfecta"}]},{"@type":"WebSite","@id":"https:\/\/voz4all.com\/#website","url":"https:\/\/voz4all.com\/","name":"Academia Europea del Arte Vocal","description":"Academia de Alto Rendimiento para la Voz y sus profesionales","publisher":{"@id":"https:\/\/voz4all.com\/#organization"},"potentialAction":[{"@type":"SearchAction","target":{"@type":"EntryPoint","urlTemplate":"https:\/\/voz4all.com\/?s={search_term_string}"},"query-input":{"@type":"PropertyValueSpecification","valueRequired":true,"valueName":"search_term_string"}}],"inLanguage":"es"},{"@type":"Organization","@id":"https:\/\/voz4all.com\/#organization","name":"Academia Europea del Arte Vocal","url":"https:\/\/voz4all.com\/","logo":{"@type":"ImageObject","inLanguage":"es","@id":"https:\/\/voz4all.com\/#\/schema\/logo\/image\/","url":"https:\/\/voz4all.com\/wp-content\/uploads\/2021\/08\/cropped-AEAV-LOGO-OK-2021-08-15-a-las-1.31.50.png","contentUrl":"https:\/\/voz4all.com\/wp-content\/uploads\/2021\/08\/cropped-AEAV-LOGO-OK-2021-08-15-a-las-1.31.50.png","width":942,"height":846,"caption":"Academia Europea del Arte Vocal"},"image":{"@id":"https:\/\/voz4all.com\/#\/schema\/logo\/image\/"}}]}},"_links":{"self":[{"href":"https:\/\/voz4all.com\/index.php\/wp-json\/wp\/v2\/product\/3996","targetHints":{"allow":["GET"]}}],"collection":[{"href":"https:\/\/voz4all.com\/index.php\/wp-json\/wp\/v2\/product"}],"about":[{"href":"https:\/\/voz4all.com\/index.php\/wp-json\/wp\/v2\/types\/product"}],"replies":[{"embeddable":true,"href":"https:\/\/voz4all.com\/index.php\/wp-json\/wp\/v2\/comments?post=3996"}],"version-history":[{"count":2,"href":"https:\/\/voz4all.com\/index.php\/wp-json\/wp\/v2\/product\/3996\/revisions"}],"predecessor-version":[{"id":4011,"href":"https:\/\/voz4all.com\/index.php\/wp-json\/wp\/v2\/product\/3996\/revisions\/4011"}],"wp:featuredmedia":[{"embeddable":true,"href":"https:\/\/voz4all.com\/index.php\/wp-json\/wp\/v2\/media\/3167"}],"wp:attachment":[{"href":"https:\/\/voz4all.com\/index.php\/wp-json\/wp\/v2\/media?parent=3996"}],"wp:term":[{"taxonomy":"product_brand","embeddable":true,"href":"https:\/\/voz4all.com\/index.php\/wp-json\/wp\/v2\/product_brand?post=3996"},{"taxonomy":"product_cat","embeddable":true,"href":"https:\/\/voz4all.com\/index.php\/wp-json\/wp\/v2\/product_cat?post=3996"},{"taxonomy":"product_tag","embeddable":true,"href":"https:\/\/voz4all.com\/index.php\/wp-json\/wp\/v2\/product_tag?post=3996"}],"curies":[{"name":"wp","href":"https:\/\/api.w.org\/{rel}","templated":true}]}}