{"id":4203,"date":"2023-04-22T13:21:46","date_gmt":"2023-04-22T13:21:46","guid":{"rendered":"https:\/\/voz4all.com\/?post_type=product&#038;p=4203"},"modified":"2023-05-05T00:43:47","modified_gmt":"2023-05-05T00:43:47","slug":"curso-intensivo-online-tecnica-vocal-e-interpretacion","status":"publish","type":"product","link":"https:\/\/voz4all.com\/index.php\/producto\/curso-intensivo-online-tecnica-vocal-e-interpretacion\/","title":{"rendered":"CURSO INTENSIVO ONLINE DE T\u00c9CNICA VOCAL E INTERPRETACI\u00d3N"},"content":{"rendered":"<p><strong>CONTENIDO DEL CURSO<\/strong><\/p>\n<p data-pm-slice=\"1 1 []\"><strong>10 Tutoriales<\/strong><\/p>\n<p><strong>2 Clases Colectivas de 90 min. cada una<\/strong><\/p>\n<p><strong>1 Clase Individual de 30 min.<\/strong><\/p>\n<p>&nbsp;<\/p>\n<p>CONTENIDO DE LOS\u00a0 TUTORIALES:<\/p>\n<ol class=\"ol1\">\n<li class=\"li1\"><span class=\"s2\">\u00a0 Fundamentos del canto: Respiraci\u00f3n, Relajaci\u00f3n, Registro y Resonadores.<\/span><\/li>\n<li class=\"li1\"><span class=\"s2\"> <span class=\"Apple-converted-space\">\u00a0 <\/span>T\u00e9cnicas para mejorar tu tono vocal.<\/span><\/li>\n<li class=\"li1\"><span class=\"s2\"> <span class=\"Apple-converted-space\">\u00a0 <\/span>Ejercicios para fortalecer la voz y evitar la fatiga vocal.<\/span><\/li>\n<li class=\"li1\"><span class=\"s2\"> <span class=\"Apple-converted-space\">\u00a0 <\/span>C\u00f3mo funciona el \u201cappoggio\u201d.<\/span><\/li>\n<li class=\"li1\"><span class=\"s2\"> <span class=\"Apple-converted-space\">\u00a0 <\/span>C\u00f3mo aprender a colocar tu voz en las posiciones correctas seg\u00fan el registro.<\/span><\/li>\n<li class=\"li1\"><span class=\"s2\"> <span class=\"Apple-converted-space\">\u00a0 <\/span>C\u00f3mo expandir tu rango vocal: alcanzar notas agudas y graves con facilidad.<\/span><\/li>\n<li class=\"li1\"><span class=\"s2\"> <span class=\"Apple-converted-space\">\u00a0 <\/span>C\u00f3mo mejorar tu t\u00e9cnica de vibrato.<\/span><\/li>\n<li class=\"li1\"><span class=\"s2\"> <span class=\"Apple-converted-space\">\u00a0 <\/span>C\u00f3mo poner en voz una nueva pieza.<\/span><\/li>\n<li class=\"li1\"><span class=\"s2\"> <span class=\"Apple-converted-space\">\u00a0 <\/span>C\u00f3mo interpretar un tema y agregar tu propio estilo.<\/span><\/li>\n<li class=\"li1\"><span class=\"s2\">\u00a0 C\u00f3mo prepararte para una presentaci\u00f3n en vivo: consejos y trucos.<\/span><\/li>\n<\/ol>\n<p><strong><span style=\"color: #800000;\">\u00a1Adem\u00e1s ahora vamos a incluir mucho m\u00e1s contenido!<\/span><\/strong><\/p>\n<p><strong>EXTRA BONUS:<\/strong><\/p>\n<p>3 V\u00eddeos con los mejores momentos de cada una de las clases presenciales<\/p>\n<p>1 Tutorial con una rutina de ejercicios diarios para entrenar tu voz<\/p>\n<p>3 Snacks de ejercicios para mejorar tu voz<\/p>\n<p>1 C\u00f3digo Personal de descuento para adquirir otros cursos<\/p>\n<p>&nbsp;<\/p>\n","protected":false},"excerpt":{"rendered":"<p>T\u00e9cnica vocal e interpretaci\u00f3n son la base de uno de los cursos online m\u00e1s completos para cantantes.<\/p>\n<p>CONS\u00cdGUELO YA y aprovecha su OFERTA DE LANZAMIENTO!!<\/p>\n","protected":false},"featured_media":4204,"comment_status":"open","ping_status":"closed","template":"","meta":{"site-sidebar-layout":"default","site-content-layout":"default","ast-site-content-layout":"default","site-content-style":"default","site-sidebar-style":"default","ast-global-header-display":"","ast-banner-title-visibility":"","ast-main-header-display":"","ast-hfb-above-header-display":"","ast-hfb-below-header-display":"","ast-hfb-mobile-header-display":"","site-post-title":"","ast-breadcrumbs-content":"","ast-featured-img":"","footer-sml-layout":"","ast-disable-related-posts":"","theme-transparent-header-meta":"default","adv-header-id-meta":"","stick-header-meta":"","header-above-stick-meta":"","header-main-stick-meta":"","header-below-stick-meta":"","astra-migrate-meta-layouts":"default","ast-page-background-enabled":"default","ast-page-background-meta":{"desktop":{"background-color":"","background-image":"","background-repeat":"repeat","background-position":"center center","background-size":"auto","background-attachment":"scroll","background-type":"","background-media":"","overlay-type":"","overlay-color":"","overlay-opacity":"","overlay-gradient":""},"tablet":{"background-color":"","background-image":"","background-repeat":"repeat","background-position":"center center","background-size":"auto","background-attachment":"scroll","background-type":"","background-media":"","overlay-type":"","overlay-color":"","overlay-opacity":"","overlay-gradient":""},"mobile":{"background-color":"","background-image":"","background-repeat":"repeat","background-position":"center center","background-size":"auto","background-attachment":"scroll","background-type":"","background-media":"","overlay-type":"","overlay-color":"","overlay-opacity":"","overlay-gradient":""}},"ast-content-background-meta":{"desktop":{"background-color":"var(--ast-global-color-5)","background-image":"","background-repeat":"repeat","background-position":"center center","background-size":"auto","background-attachment":"scroll","background-type":"","background-media":"","overlay-type":"","overlay-color":"","overlay-opacity":"","overlay-gradient":""},"tablet":{"background-color":"var(--ast-global-color-5)","background-image":"","background-repeat":"repeat","background-position":"center center","background-size":"auto","background-attachment":"scroll","background-type":"","background-media":"","overlay-type":"","overlay-color":"","overlay-opacity":"","overlay-gradient":""},"mobile":{"background-color":"var(--ast-global-color-5)","background-image":"","background-repeat":"repeat","background-position":"center center","background-size":"auto","background-attachment":"scroll","background-type":"","background-media":"","overlay-type":"","overlay-color":"","overlay-opacity":"","overlay-gradient":""}}},"product_brand":[],"product_cat":[36,41],"product_tag":[],"class_list":{"0":"post-4203","1":"product","2":"type-product","3":"status-publish","4":"has-post-thumbnail","6":"product_cat-cursos","7":"product_cat-tecnica-vocal","8":"desktop-align-left","9":"tablet-align-left","10":"mobile-align-left","12":"first","13":"instock","14":"purchasable","15":"product-type-simple"},"yoast_head":"<!-- This site is optimized with the Yoast SEO plugin v27.4 - https:\/\/yoast.com\/product\/yoast-seo-wordpress\/ -->\n<title>CURSO INTENSIVO ONLINE DE T\u00c9CNICA VOCAL E INTERPRETACI\u00d3N - Academia Europea del Arte Vocal<\/title>\n<meta name=\"description\" content=\"T\u00e9cnica vocal e interpretaci\u00f3n son la base de uno de los cursos m\u00e1s completos para cantantes. CONS\u00cdGUELO YA y aprovecha su OFERTA DE LANZAMIENTO!!\" \/>\n<meta name=\"robots\" content=\"index, follow, max-snippet:-1, max-image-preview:large, max-video-preview:-1\" \/>\n<link rel=\"canonical\" href=\"https:\/\/voz4all.com\/index.php\/producto\/curso-intensivo-online-tecnica-vocal-e-interpretacion\/\" \/>\n<meta property=\"og:locale\" content=\"es_ES\" \/>\n<meta property=\"og:type\" content=\"article\" \/>\n<meta property=\"og:title\" content=\"CURSO INTENSIVO ONLINE DE T\u00c9CNICA VOCAL E INTERPRETACI\u00d3N - Academia Europea del Arte Vocal\" \/>\n<meta property=\"og:description\" content=\"T\u00e9cnica vocal e interpretaci\u00f3n son la base de uno de los cursos m\u00e1s completos para cantantes. CONS\u00cdGUELO YA y aprovecha su OFERTA DE LANZAMIENTO!!\" \/>\n<meta property=\"og:url\" content=\"https:\/\/voz4all.com\/index.php\/producto\/curso-intensivo-online-tecnica-vocal-e-interpretacion\/\" \/>\n<meta property=\"og:site_name\" content=\"Academia Europea del Arte Vocal\" \/>\n<meta property=\"article:modified_time\" content=\"2023-05-05T00:43:47+00:00\" \/>\n<meta property=\"og:image\" content=\"https:\/\/voz4all.com\/wp-content\/uploads\/2023\/04\/3d-box-CURSO-INTENSIVO-TECNICA-E-INTERPRETACION-e1682167360159.png\" \/>\n\t<meta property=\"og:image:width\" content=\"362\" \/>\n\t<meta property=\"og:image:height\" content=\"358\" \/>\n\t<meta property=\"og:image:type\" content=\"image\/png\" \/>\n<meta name=\"twitter:card\" content=\"summary_large_image\" \/>\n<meta name=\"twitter:label1\" content=\"Tiempo de lectura\" \/>\n\t<meta name=\"twitter:data1\" content=\"1 minuto\" \/>\n<script type=\"application\/ld+json\" class=\"yoast-schema-graph\">{\"@context\":\"https:\\\/\\\/schema.org\",\"@graph\":[{\"@type\":\"WebPage\",\"@id\":\"https:\\\/\\\/voz4all.com\\\/index.php\\\/producto\\\/curso-intensivo-online-tecnica-vocal-e-interpretacion\\\/\",\"url\":\"https:\\\/\\\/voz4all.com\\\/index.php\\\/producto\\\/curso-intensivo-online-tecnica-vocal-e-interpretacion\\\/\",\"name\":\"CURSO INTENSIVO ONLINE DE T\u00c9CNICA VOCAL E INTERPRETACI\u00d3N - Academia Europea del Arte Vocal\",\"isPartOf\":{\"@id\":\"https:\\\/\\\/voz4all.com\\\/#website\"},\"primaryImageOfPage\":{\"@id\":\"https:\\\/\\\/voz4all.com\\\/index.php\\\/producto\\\/curso-intensivo-online-tecnica-vocal-e-interpretacion\\\/#primaryimage\"},\"image\":{\"@id\":\"https:\\\/\\\/voz4all.com\\\/index.php\\\/producto\\\/curso-intensivo-online-tecnica-vocal-e-interpretacion\\\/#primaryimage\"},\"thumbnailUrl\":\"https:\\\/\\\/voz4all.com\\\/wp-content\\\/uploads\\\/2023\\\/04\\\/3d-box-CURSO-INTENSIVO-TECNICA-E-INTERPRETACION-e1682167360159.png\",\"datePublished\":\"2023-04-22T13:21:46+00:00\",\"dateModified\":\"2023-05-05T00:43:47+00:00\",\"description\":\"T\u00e9cnica vocal e interpretaci\u00f3n son la base de uno de los cursos m\u00e1s completos para cantantes. CONS\u00cdGUELO YA y aprovecha su OFERTA DE LANZAMIENTO!!\",\"breadcrumb\":{\"@id\":\"https:\\\/\\\/voz4all.com\\\/index.php\\\/producto\\\/curso-intensivo-online-tecnica-vocal-e-interpretacion\\\/#breadcrumb\"},\"inLanguage\":\"es\",\"potentialAction\":[{\"@type\":\"ReadAction\",\"target\":[\"https:\\\/\\\/voz4all.com\\\/index.php\\\/producto\\\/curso-intensivo-online-tecnica-vocal-e-interpretacion\\\/\"]}]},{\"@type\":\"ImageObject\",\"inLanguage\":\"es\",\"@id\":\"https:\\\/\\\/voz4all.com\\\/index.php\\\/producto\\\/curso-intensivo-online-tecnica-vocal-e-interpretacion\\\/#primaryimage\",\"url\":\"https:\\\/\\\/voz4all.com\\\/wp-content\\\/uploads\\\/2023\\\/04\\\/3d-box-CURSO-INTENSIVO-TECNICA-E-INTERPRETACION-e1682167360159.png\",\"contentUrl\":\"https:\\\/\\\/voz4all.com\\\/wp-content\\\/uploads\\\/2023\\\/04\\\/3d-box-CURSO-INTENSIVO-TECNICA-E-INTERPRETACION-e1682167360159.png\",\"width\":362,\"height\":358},{\"@type\":\"BreadcrumbList\",\"@id\":\"https:\\\/\\\/voz4all.com\\\/index.php\\\/producto\\\/curso-intensivo-online-tecnica-vocal-e-interpretacion\\\/#breadcrumb\",\"itemListElement\":[{\"@type\":\"ListItem\",\"position\":1,\"name\":\"Portada\",\"item\":\"https:\\\/\\\/voz4all.com\\\/\"},{\"@type\":\"ListItem\",\"position\":2,\"name\":\"Tienda\",\"item\":\"https:\\\/\\\/voz4all.com\\\/index.php\\\/tienda\\\/\"},{\"@type\":\"ListItem\",\"position\":3,\"name\":\"CURSO INTENSIVO ONLINE DE T\u00c9CNICA VOCAL E INTERPRETACI\u00d3N\"}]},{\"@type\":\"WebSite\",\"@id\":\"https:\\\/\\\/voz4all.com\\\/#website\",\"url\":\"https:\\\/\\\/voz4all.com\\\/\",\"name\":\"Academia Europea del Arte Vocal\",\"description\":\"Academia de Alto Rendimiento para la Voz y sus profesionales\",\"publisher\":{\"@id\":\"https:\\\/\\\/voz4all.com\\\/#organization\"},\"potentialAction\":[{\"@type\":\"SearchAction\",\"target\":{\"@type\":\"EntryPoint\",\"urlTemplate\":\"https:\\\/\\\/voz4all.com\\\/?s={search_term_string}\"},\"query-input\":{\"@type\":\"PropertyValueSpecification\",\"valueRequired\":true,\"valueName\":\"search_term_string\"}}],\"inLanguage\":\"es\"},{\"@type\":\"Organization\",\"@id\":\"https:\\\/\\\/voz4all.com\\\/#organization\",\"name\":\"Academia Europea del Arte Vocal\",\"url\":\"https:\\\/\\\/voz4all.com\\\/\",\"logo\":{\"@type\":\"ImageObject\",\"inLanguage\":\"es\",\"@id\":\"https:\\\/\\\/voz4all.com\\\/#\\\/schema\\\/logo\\\/image\\\/\",\"url\":\"https:\\\/\\\/voz4all.com\\\/wp-content\\\/uploads\\\/2021\\\/08\\\/cropped-AEAV-LOGO-OK-2021-08-15-a-las-1.31.50.png\",\"contentUrl\":\"https:\\\/\\\/voz4all.com\\\/wp-content\\\/uploads\\\/2021\\\/08\\\/cropped-AEAV-LOGO-OK-2021-08-15-a-las-1.31.50.png\",\"width\":942,\"height\":846,\"caption\":\"Academia Europea del Arte Vocal\"},\"image\":{\"@id\":\"https:\\\/\\\/voz4all.com\\\/#\\\/schema\\\/logo\\\/image\\\/\"}}]}<\/script>\n<!-- \/ Yoast SEO plugin. -->","yoast_head_json":{"title":"CURSO INTENSIVO ONLINE DE T\u00c9CNICA VOCAL E INTERPRETACI\u00d3N - Academia Europea del Arte Vocal","description":"T\u00e9cnica vocal e interpretaci\u00f3n son la base de uno de los cursos m\u00e1s completos para cantantes. CONS\u00cdGUELO YA y aprovecha su OFERTA DE LANZAMIENTO!!","robots":{"index":"index","follow":"follow","max-snippet":"max-snippet:-1","max-image-preview":"max-image-preview:large","max-video-preview":"max-video-preview:-1"},"canonical":"https:\/\/voz4all.com\/index.php\/producto\/curso-intensivo-online-tecnica-vocal-e-interpretacion\/","og_locale":"es_ES","og_type":"article","og_title":"CURSO INTENSIVO ONLINE DE T\u00c9CNICA VOCAL E INTERPRETACI\u00d3N - Academia Europea del Arte Vocal","og_description":"T\u00e9cnica vocal e interpretaci\u00f3n son la base de uno de los cursos m\u00e1s completos para cantantes. CONS\u00cdGUELO YA y aprovecha su OFERTA DE LANZAMIENTO!!","og_url":"https:\/\/voz4all.com\/index.php\/producto\/curso-intensivo-online-tecnica-vocal-e-interpretacion\/","og_site_name":"Academia Europea del Arte Vocal","article_modified_time":"2023-05-05T00:43:47+00:00","og_image":[{"width":362,"height":358,"url":"https:\/\/voz4all.com\/wp-content\/uploads\/2023\/04\/3d-box-CURSO-INTENSIVO-TECNICA-E-INTERPRETACION-e1682167360159.png","type":"image\/png"}],"twitter_card":"summary_large_image","twitter_misc":{"Tiempo de lectura":"1 minuto"},"schema":{"@context":"https:\/\/schema.org","@graph":[{"@type":"WebPage","@id":"https:\/\/voz4all.com\/index.php\/producto\/curso-intensivo-online-tecnica-vocal-e-interpretacion\/","url":"https:\/\/voz4all.com\/index.php\/producto\/curso-intensivo-online-tecnica-vocal-e-interpretacion\/","name":"CURSO INTENSIVO ONLINE DE T\u00c9CNICA VOCAL E INTERPRETACI\u00d3N - Academia Europea del Arte Vocal","isPartOf":{"@id":"https:\/\/voz4all.com\/#website"},"primaryImageOfPage":{"@id":"https:\/\/voz4all.com\/index.php\/producto\/curso-intensivo-online-tecnica-vocal-e-interpretacion\/#primaryimage"},"image":{"@id":"https:\/\/voz4all.com\/index.php\/producto\/curso-intensivo-online-tecnica-vocal-e-interpretacion\/#primaryimage"},"thumbnailUrl":"https:\/\/voz4all.com\/wp-content\/uploads\/2023\/04\/3d-box-CURSO-INTENSIVO-TECNICA-E-INTERPRETACION-e1682167360159.png","datePublished":"2023-04-22T13:21:46+00:00","dateModified":"2023-05-05T00:43:47+00:00","description":"T\u00e9cnica vocal e interpretaci\u00f3n son la base de uno de los cursos m\u00e1s completos para cantantes. CONS\u00cdGUELO YA y aprovecha su OFERTA DE LANZAMIENTO!!","breadcrumb":{"@id":"https:\/\/voz4all.com\/index.php\/producto\/curso-intensivo-online-tecnica-vocal-e-interpretacion\/#breadcrumb"},"inLanguage":"es","potentialAction":[{"@type":"ReadAction","target":["https:\/\/voz4all.com\/index.php\/producto\/curso-intensivo-online-tecnica-vocal-e-interpretacion\/"]}]},{"@type":"ImageObject","inLanguage":"es","@id":"https:\/\/voz4all.com\/index.php\/producto\/curso-intensivo-online-tecnica-vocal-e-interpretacion\/#primaryimage","url":"https:\/\/voz4all.com\/wp-content\/uploads\/2023\/04\/3d-box-CURSO-INTENSIVO-TECNICA-E-INTERPRETACION-e1682167360159.png","contentUrl":"https:\/\/voz4all.com\/wp-content\/uploads\/2023\/04\/3d-box-CURSO-INTENSIVO-TECNICA-E-INTERPRETACION-e1682167360159.png","width":362,"height":358},{"@type":"BreadcrumbList","@id":"https:\/\/voz4all.com\/index.php\/producto\/curso-intensivo-online-tecnica-vocal-e-interpretacion\/#breadcrumb","itemListElement":[{"@type":"ListItem","position":1,"name":"Portada","item":"https:\/\/voz4all.com\/"},{"@type":"ListItem","position":2,"name":"Tienda","item":"https:\/\/voz4all.com\/index.php\/tienda\/"},{"@type":"ListItem","position":3,"name":"CURSO INTENSIVO ONLINE DE T\u00c9CNICA VOCAL E INTERPRETACI\u00d3N"}]},{"@type":"WebSite","@id":"https:\/\/voz4all.com\/#website","url":"https:\/\/voz4all.com\/","name":"Academia Europea del Arte Vocal","description":"Academia de Alto Rendimiento para la Voz y sus profesionales","publisher":{"@id":"https:\/\/voz4all.com\/#organization"},"potentialAction":[{"@type":"SearchAction","target":{"@type":"EntryPoint","urlTemplate":"https:\/\/voz4all.com\/?s={search_term_string}"},"query-input":{"@type":"PropertyValueSpecification","valueRequired":true,"valueName":"search_term_string"}}],"inLanguage":"es"},{"@type":"Organization","@id":"https:\/\/voz4all.com\/#organization","name":"Academia Europea del Arte Vocal","url":"https:\/\/voz4all.com\/","logo":{"@type":"ImageObject","inLanguage":"es","@id":"https:\/\/voz4all.com\/#\/schema\/logo\/image\/","url":"https:\/\/voz4all.com\/wp-content\/uploads\/2021\/08\/cropped-AEAV-LOGO-OK-2021-08-15-a-las-1.31.50.png","contentUrl":"https:\/\/voz4all.com\/wp-content\/uploads\/2021\/08\/cropped-AEAV-LOGO-OK-2021-08-15-a-las-1.31.50.png","width":942,"height":846,"caption":"Academia Europea del Arte Vocal"},"image":{"@id":"https:\/\/voz4all.com\/#\/schema\/logo\/image\/"}}]}},"_links":{"self":[{"href":"https:\/\/voz4all.com\/index.php\/wp-json\/wp\/v2\/product\/4203","targetHints":{"allow":["GET"]}}],"collection":[{"href":"https:\/\/voz4all.com\/index.php\/wp-json\/wp\/v2\/product"}],"about":[{"href":"https:\/\/voz4all.com\/index.php\/wp-json\/wp\/v2\/types\/product"}],"replies":[{"embeddable":true,"href":"https:\/\/voz4all.com\/index.php\/wp-json\/wp\/v2\/comments?post=4203"}],"version-history":[{"count":2,"href":"https:\/\/voz4all.com\/index.php\/wp-json\/wp\/v2\/product\/4203\/revisions"}],"predecessor-version":[{"id":4206,"href":"https:\/\/voz4all.com\/index.php\/wp-json\/wp\/v2\/product\/4203\/revisions\/4206"}],"wp:featuredmedia":[{"embeddable":true,"href":"https:\/\/voz4all.com\/index.php\/wp-json\/wp\/v2\/media\/4204"}],"wp:attachment":[{"href":"https:\/\/voz4all.com\/index.php\/wp-json\/wp\/v2\/media?parent=4203"}],"wp:term":[{"taxonomy":"product_brand","embeddable":true,"href":"https:\/\/voz4all.com\/index.php\/wp-json\/wp\/v2\/product_brand?post=4203"},{"taxonomy":"product_cat","embeddable":true,"href":"https:\/\/voz4all.com\/index.php\/wp-json\/wp\/v2\/product_cat?post=4203"},{"taxonomy":"product_tag","embeddable":true,"href":"https:\/\/voz4all.com\/index.php\/wp-json\/wp\/v2\/product_tag?post=4203"}],"curies":[{"name":"wp","href":"https:\/\/api.w.org\/{rel}","templated":true}]}}